)/(-4)*-2. Let d(p) = 2*p**3 + 2*p**2 - 5*p - 6. Let m be d(-3). Let w = z + m. What are the prime factors of w?
2, 3
Let s(v) = v**3 - 11*v**2 + 8*v + 23. List the prime factors of s(10).
3
Suppose -6*r = 6*r - 1272. What are the prime factors of r?
2, 53
Let c = -9 + 2. Let n(q) = q**2 + 7*q. Let v be n(c). Suppose v*j - 3*j = -39. List the prime factors of j.
13
List the prime factors of -1*5/(15/(-117)).
3, 13
Suppose b + 1 - 3 = 0. Let i be (3/b)/(2/4). Suppose i*v - 2*t - 5 = 0, 3*v + 5*t - t = 17. List the prime factors of v.
3
Let f(j) = j**3 + 8*j**2 - j - 5. Let k be f(-8). Suppose 5*p = -5*z, -z = 4*p - 0*z. Let m = k + p. List the prime factors of m.
3
Let g(r) = -2*r - 13. Let b be (2 - (-1 + 2)) + -10. Let y be g(b). Suppose -y*i + 5 = -20. List the prime factors of i.
5
Let l = -44 - -88. What are the prime factors of (2 + 0)*l/8?
11
Let w be (0 - -2)/(-1 + 3). What are the prime factors of (0 + w)*30/6?
5
Suppose 4*t + 2*s = 178, 0 = 4*t - 5*t + 4*s + 22. Suppose 2*a + a = t. List the prime factors of a.
2, 7
Let n = 112 - 65. What are the prime factors of n?
47
Let o = 53 + 28. List the prime factors of o.
3
What are the prime factors of (-1 + 3/(-2))/(9/(-72))?
2, 5
Let z be (-4)/((15/(-6))/(-5)). Let j = z + 28. List the prime factors of j.
2, 5
Suppose -2 = -4*g - 2*b + 16, -4*g - 7 = -3*b. Suppose -v + 14 = 2*v - l, -g*v - 4*l = 14. List the prime factors of (-1)/(-3) - (-26)/v.
3
Let a be (0 - -1)/((-1)/(-3)). Suppose -u - 56 = -4*l, l + a*u - 53 = -4*l. List the prime factors of l.
13
Let r(j) = j**3 - 3*j**2 + j - 4. Let b be r(3). What are the prime factors of 14 + 0 + b + 3?
2
What are the prime factors of (-9)/(((-8)/(-4))/(-22))?
3, 11
Suppose 384 = 2*n - 0*q + 2*q, n - 195 = -2*q. What are the prime factors of n?
3, 7
Suppose -4 = -3*s + 2*j - j, 20 = -4*s - 5*j. Suppose 3*c - 16 - 80 = s. List the prime factors of c.
2
Suppose 0 = 5*f - 64 + 669. Let l = f - -176. What are the prime factors of l?
5, 11
What are the prime factors of -3*4/(-3) + (286 - 12)?
2, 139
Let b be (0 - 0)*(0 - -1). Suppose 0 = -8*d + 6*d. What are the prime factors of d + b + 11/1?
11
Let o(w) = -5*w + 3*w - 4 - 2. Let t be o(6). Let b = -11 - t. List the prime factors of b.
7
Let t(s) = -s - 2. Let a be t(-6). Suppose -4*p - 12 = -4*v, p - 3*v = 2*v - 23. Suppose a = -p*l + 4*l. What are the prime factors of l?
2
Let l be 7/(-14) + (-6)/(-4). Let y(s) = 12*s**2 - 2*s + 1. What are the prime factors of y(l)?
11
Let y = -65 - -93. Suppose 3*m + 5*w - y = 0, -4*m + 5 + 9 = -5*w. What are the prime factors of m?
2, 3
Suppose -i - 5*l = -0 + 3, 3*l = 3*i + 9. Let h = i + 10. What are the prime factors of h?
7
Suppose -50 = -3*u + 40. Let h = 4 + u. What are the prime factors of h?
2, 17
Let o(f) = 9*f**2 - 8*f - 7. Let s(a) = -27*a**2 + 23*a + 20. Let b(c) = -17*o(c) - 6*s(c). Let r be 1/2*(-1 + -1). What are the prime factors of b(r)?
2, 5
Suppose -6 = 12*d - 14*d. Suppose -4*w = -d*w - 19. What are the prime factors of w?
19
Let m = 661 - 353. What are the prime factors of m?
2, 7, 11
Let w(q) = 3*q + 1 + q - 5*q. Let u be w(-1). Suppose h = u*h - 10. What are the prime factors of h?
2, 5
Let t = -6 - -8. Let q be (-4*3)/((-3)/t). Suppose 4*k = q + 20. List the prime factors of k.
7
Let p(v) = 5*v - 1. Let z be p(2). Suppose -2*l + z = 3. What are the prime factors of l?
3
Let c = -3 - -8. Let k(r) = -r**2 + 2*r - 1. Let u be k(1). Let n = c + u. What are the prime factors of n?
5
Let n(u) = u - 2. Let q be n(8). List the prime factors of (0 - 13)/((-3)/q).
2, 13
Let z = -57 + 158. List the prime factors of z.
101
Suppose -2*q - 3*q = 0. Suppose q*c = -4*c + 4. Let p = 9 - c. What are the prime factors of p?
2
Let c(a) = -5*a**3 - a**2 + 2*a + 2. Let y be c(-1). Suppose 0 = y*q - 0*q - 76. What are the prime factors of q?
19
Let g(q) = -q**3 - 6*q**2 - 7*q + 1. Let w be (25/(-10))/((-2)/4). Let k = -10 + w. What are the prime factors of g(k)?
11
Suppose 2*u - 2*j - 68 = 0, -2*j - 16 = 2*j. What are the prime factors of u?
2, 3, 5
Let u(g) = -g**3 - 7*g**2 - 2*g - 8. Let p be u(-7). Suppose -f = f + p. What are the prime factors of ((-6)/f)/2 + 20?
3, 7
Suppose 3*r - 2*r - 69 = 0. What are the prime factors of r?
3, 23
What are the prime factors of 55*(10/35 + (-10)/(-14))?
5, 11
Let j(s) = -2*s**2 + 21*s + 15. List the prime factors of j(10).
5
Let i(b) = -4 + 0 - 6 + 2*b. Let m be (-2)/4 + 105/14. List the prime factors of i(m).
2
Let f(i) = -i**2 + 8*i + 7. Let t be (-288)/(-42) + 1/7. List the prime factors of f(t).
2, 7
Suppose 0*l + 6 = 2*l. Let h be (-2 - (-9 - -1))/2. Suppose l*u - h = 12. List the prime factors of u.
5
Suppose 15*n = 22*n - 1323. What are the prime factors of n?
3, 7
Suppose 3*q - 233 = 355. What are the prime factors of q?
2, 7
Let v(n) be the second derivative of n**4/12 + n**3/3 + 5*n**2/2 + 2*n. What are the prime factors of v(4)?
29
What are the prime factors of 1644/15 + (-2)/(-5)?
2, 5, 11
Suppose 4*g = -3*t + 35, g - 5 = -5*t + 5*g. Suppose 3*m + 2 = 5*p - t, -4*m = 3*p - 10. What are the prime factors of p?
2
Suppose -5*r = 4 - 14. Suppose 22 = 2*n + 2*w, 4*n - 3*w - 53 - 12 = 0. Suppose r*z + n = 3*s - 26, 2*z - 30 = -2*s. What are the prime factors of s?
2, 7
Let m = 0 + 32. List the prime factors of m.
2
Let j(y) = -y**3 + y**2 - 4*y. Let a be j(-3). Suppose -9*m + 7*m = -a. What are the prime factors of m?
2, 3
Let x(d) = d - 2. Let n = 6 + -9. Let j(r) = r**3 + 3*r**2 - r + 4. Let g be j(n). What are the prime factors of x(g)?
5
Let n(i) = -2 + 0 - 8*i - 2. Let b be (-4)/8*(-4)/(-2) + -2. List the prime factors of n(b).
2, 5
Suppose -5*q = 11 + 9. Let p(f) = f**3 - 7*f**2 + 4*f + 8. Let d be p(6). List the prime factors of (q/3)/(d/30).
2, 5
Let h = 144 + -285. List the prime factors of (-2)/(-8) - h/12.
2, 3
Let c = -5 - -4. Let z be (-3)/6 + c/(-2). Suppose m - 5*f + z = -3, -4 = -2*f. List the prime factors of m.
7
Let i(q) = q**3 - 11*q**2 + q + 5. What are the prime factors of i(12)?
7, 23
Suppose 0 = 2*k + 3*w + w - 76, 2*w - 84 = -2*k. What are the prime factors of k?
2, 23
Suppose -3*f - h - 21 = 2*f, 2*h - 6 = 2*f. Let m = 7 - f. What are the prime factors of m?
11
List the prime factors of (-1)/4 + 711/12.
59
Let k(y) be the first derivative of -y**2/2 - 5*y + 2. List the prime factors of k(-7).
2
Let r(y) = -2 + 2*y - 2 + y. Suppose -3*o = 2*o - 15. List the prime factors of r(o).
5
Suppose b = -b + 2. Suppose b = 3*k - 8. Suppose -2*v + k = -1. List the prime factors of v.
2
Let b be (-36)/(-10) + 2/5. Suppose b*u - 7 = 5*j - 1, 5*u - 22 = -j. Suppose u*c = 25 - 5. List the prime factors of c.
5
Suppose 2*l - l = 5*d - 10, 5*l = 3*d + 16. Suppose 7 = 4*m - 3*c - 8, d*m + c = 8. Suppose m*p = 7*p - 16. List the prime factors of p.
2
Suppose 220 = 4*m + 84. What are the prime factors of m?
2, 17
Let b = 0 + 5. Suppose 2*h - g = 5*h - 43, -83 = -b*h + 4*g. What are the prime factors of h?
3, 5
Let t = -4 + 3. Let o be 1 + 1 + (-3)/t. Suppose 35 = o*w + 15. What are the prime factors of w?
2
Let v(w) = -w**3 - 5*w**2 + 8*w + 2. Let t be v(-6). Let f = t - -5. Let k = 7 + f. What are the prime factors of k?
2
Suppose q + 3*q - 184 = 0. Let c = -24 + q. What are the prime factors of c?
2, 11
Suppose -3*u = 3*s - 6, 2*u + 14 = 4*s + 4*u. Suppose 0 = -5*q - s*x + 20, 2 = -3*x - 1. Suppose 0 - 8 = -2*i + 2*a, q*i = a + 40. List the prime factors of i.
3
Suppose 2*w + w - p = 4, p = -5*w + 20. Suppose -x - 3 = 0, -n + 2*n - 1 = -2*x. Suppose -11 - n = -w*s. List the prime factors of s.
2, 3
Suppose 22*y - 21*y - 3 = 0. Suppose 0 = -y*q + 15 + 12. What are the prime factors of q?
3
Let i(y) = y**2 + 2*y - 12. Let x be i(-7). Let v = 23 + x. What are the prime factors of v?
2, 23
List the prime factors of (8/(16/(-4)))/(2/(-35)).
5, 7
Suppose -m + 126 = -0*m. What are the prime factors of m?
2, 3, 7
Let y(a) = a**2 - 4*a - 3. Let f = 2 + 0. Suppose -2*c - r - f*r + 13 = 0, -5*r = c - 10. What are the prime factors of y(c)?
2
Suppose -86 = -2*k + 12. List the prime factors of k.
7
Let r(t) = -t**3 - t**2 - t - 7. Let o be r(0). Let q be 8/28 - 26/o. Let w = q - -1. What are the prime factors of w?
5
Let c(v) = v**3 + v + 1. Suppose -6*a + 2*a + 32 = 0. Suppose 3*d - a = 2*w, -5*w - 5*d = -3*w - 24. L